 {"id":167,"date":"2015-04-01T16:52:33","date_gmt":"2015-04-01T15:52:33","guid":{"rendered":"http:\/\/www.fondationdelille.org\/climat\/?page_id=167"},"modified":"2015-04-15T17:09:23","modified_gmt":"2015-04-15T16:09:23","slug":"cest-a-vous","status":"publish","type":"page","link":"https:\/\/www.fondationdelille.org\/climat\/cest-a-vous\/","title":{"rendered":"C&rsquo;est \u00e0 vous !"},"content":{"rendered":"<p style=\"text-align: justify;\"><img decoding=\"async\" loading=\"lazy\" class=\" wp-image-422 size-medium aligncenter\" src=\"http:\/\/www.fondationdelille.org\/climat\/wp-content\/uploads\/2015\/04\/people-300x77.png\" alt=\"people\" width=\"300\" height=\"77\" srcset=\"https:\/\/www.fondationdelille.org\/climat\/wp-content\/uploads\/2015\/04\/people-300x77.png 300w, https:\/\/www.fondationdelille.org\/climat\/wp-content\/uploads\/2015\/04\/people-1024x263.png 1024w, https:\/\/www.fondationdelille.org\/climat\/wp-content\/uploads\/2015\/04\/people.png 1127w\" sizes=\"(max-width: 300px) 100vw, 300px\" \/><\/p>\n<p style=\"text-align: justify;\">Le Fonds Solidarit\u00e9 Climat se pr\u00e9sente comme un <strong>fonds \u00e0 vis\u00e9e p\u00e9dagogique,<\/strong> car chacun peut agir volontairement sur son empreinte environnementale et soutenir par ce biais des projets \u00e0 vis\u00e9e climatique.<\/p>\n<p style=\"text-align: justify;\">Tourisme, Business, Famille.. La Fondation de Lille a mis en place <a title=\"Je calcule mon empreinte carbone\" href=\"http:\/\/www.fondationdelille.org\/climat\/calculez-votre-empreinte-carbone\/\">un calculateur<\/a> afin de vous permettre d&rsquo;estimer l&rsquo;\u00e9quivalent en tonne carbone de vos d\u00e9placements a\u00e9riens, et de<a title=\"Je fais un don\" href=\"http:\/\/www.fondationdelille.org\/climat\/cest-a-vous\/je-fais-un-don\/\"> pouvoir estimer le montant de votre don.<\/a><\/p>\n<p style=\"text-align: justify;\"><a title=\"Je calcule mon empreinte carbone\" href=\"http:\/\/www.fondationdelille.org\/climat\/?page_id=101\"><img decoding=\"async\" loading=\"lazy\" class=\" size-full wp-image-304 aligncenter\" src=\"http:\/\/www.fondationdelille.org\/climat\/wp-content\/uploads\/2015\/04\/je-fais-un-don-en-ligne.png\" alt=\"je fais un don en ligne\" width=\"303\" height=\"91\" srcset=\"https:\/\/www.fondationdelille.org\/climat\/wp-content\/uploads\/2015\/04\/je-fais-un-don-en-ligne.png 303w, https:\/\/www.fondationdelille.org\/climat\/wp-content\/uploads\/2015\/04\/je-fais-un-don-en-ligne-300x90.png 300w\" sizes=\"(max-width: 303px) 100vw, 303px\" \/><\/a><\/p>\n","protected":false},"excerpt":{"rendered":"<p>Le Fonds Solidarit\u00e9 Climat se pr\u00e9sente comme un fonds \u00e0 vis\u00e9e p\u00e9dagogique, car chacun peut agir volontairement sur son empreinte environnementale et soutenir par ce biais des projets \u00e0 vis\u00e9e [&hellip;]<\/p>\n","protected":false},"author":2,"featured_media":0,"parent":0,"menu_order":0,"comment_status":"closed","ping_status":"closed","template":"","meta":{"_mi_skip_tracking":false},"acf":[],"_links":{"self":[{"href":"https:\/\/www.fondationdelille.org\/climat\/wp-json\/wp\/v2\/pages\/167"}],"collection":[{"href":"https:\/\/www.fondationdelille.org\/climat\/wp-json\/wp\/v2\/pages"}],"about":[{"href":"https:\/\/www.fondationdelille.org\/climat\/wp-json\/wp\/v2\/types\/page"}],"author":[{"embeddable":true,"href":"https:\/\/www.fondationdelille.org\/climat\/wp-json\/wp\/v2\/users\/2"}],"replies":[{"embeddable":true,"href":"https:\/\/www.fondationdelille.org\/climat\/wp-json\/wp\/v2\/comments?post=167"}],"version-history":[{"count":10,"href":"https:\/\/www.fondationdelille.org\/climat\/wp-json\/wp\/v2\/pages\/167\/revisions"}],"predecessor-version":[{"id":430,"href":"https:\/\/www.fondationdelille.org\/climat\/wp-json\/wp\/v2\/pages\/167\/revisions\/430"}],"wp:attachment":[{"href":"https:\/\/www.fondationdelille.org\/climat\/wp-json\/wp\/v2\/media?parent=167"}],"curies":[{"name":"wp","href":"https:\/\/api.w.org\/{rel}","templated":true}]}}

C&rsquo;est à vous !

<p style="text-align: justify;"><img decoding="async" loading="lazy" class=" wp-image-422 size-medium aligncenter" src="http://www.fondationdelille.org/climat/wp-content/uploads/2015/04/people-300x77.png" alt="people" width="300" height="77" srcset="https://www.fondationdelille.org/climat/wp-content/uploads/2015/04/people-300x77.png 300w, https://www.fondationdelille.org/climat/wp-content/uploads/2015/04/people-1024x263.png 1024w, https://www.fondationdelille.org/climat/wp-content/uploads/2015/04/people.png 1127w" sizes="(max-width: 300px) 100vw, 300px" /></p>
<p style="text-align: justify;">Le Fonds Solidarité Climat se présente comme un <strong>fonds à visée pédagogique,</strong> car chacun peut agir volontairement sur son empreinte environnementale et soutenir par ce biais des projets à visée climatique.</p>
<p style="text-align: justify;">Tourisme, Business, Famille.. La Fondation de Lille a mis en place <a title="Je calcule mon empreinte carbone" href="http://www.fondationdelille.org/climat/calculez-votre-empreinte-carbone/">un calculateur</a> afin de vous permettre d&rsquo;estimer l&rsquo;équivalent en tonne carbone de vos déplacements aériens, et de<a title="Je fais un don" href="http://www.fondationdelille.org/climat/cest-a-vous/je-fais-un-don/"> pouvoir estimer le montant de votre don.</a></p>
<p style="text-align: justify;"><a title="Je calcule mon empreinte carbone" href="http://www.fondationdelille.org/climat/?page_id=101"><img decoding="async" loading="lazy" class=" size-full wp-image-304 aligncenter" src="http://www.fondationdelille.org/climat/wp-content/uploads/2015/04/je-fais-un-don-en-ligne.png" alt="je fais un don en ligne" width="303" height="91" srcset="https://www.fondationdelille.org/climat/wp-content/uploads/2015/04/je-fais-un-don-en-ligne.png 303w, https://www.fondationdelille.org/climat/wp-content/uploads/2015/04/je-fais-un-don-en-ligne-300x90.png 300w" sizes="(max-width: 303px) 100vw, 303px" /></a></p>

<p>Le Fonds Solidarité Climat se présente comme un fonds à visée pédagogique, car chacun peut agir volontairement sur son empreinte environnementale et soutenir par ce biais des projets à visée [&hellip;]</p>
