 {"id":170,"date":"2015-04-01T16:53:30","date_gmt":"2015-04-01T15:53:30","guid":{"rendered":"http:\/\/www.fondationdelille.org\/climat\/?page_id=170"},"modified":"2018-10-12T15:40:44","modified_gmt":"2018-10-12T14:40:44","slug":"faire-un-don","status":"publish","type":"page","link":"https:\/\/www.fondationdelille.org\/climat\/cest-a-vous\/faire-un-don\/","title":{"rendered":"Je fais un don"},"content":{"rendered":"<p><img decoding=\"async\" loading=\"lazy\" class=\"aligncenter wp-image-421 size-medium\" src=\"http:\/\/www.fondationdelille.org\/climat\/wp-content\/uploads\/2015\/04\/pouce-300x77.png\" alt=\"pouce\" width=\"300\" height=\"77\" srcset=\"https:\/\/www.fondationdelille.org\/climat\/wp-content\/uploads\/2015\/04\/pouce-300x77.png 300w, https:\/\/www.fondationdelille.org\/climat\/wp-content\/uploads\/2015\/04\/pouce-1024x263.png 1024w, https:\/\/www.fondationdelille.org\/climat\/wp-content\/uploads\/2015\/04\/pouce.png 1145w\" sizes=\"(max-width: 300px) 100vw, 300px\" \/><\/p>\n<p>&nbsp;<\/p>\n<p>Vous souhaitez faire un\u00a0don en faveur du\u00a0Fonds Solidarit\u00e9 Climat ?<\/p>\n<p>&#8211;\u00a0<strong><a href=\"https:\/\/www.helloasso.com\/associations\/fondation-de-lille\/formulaires\/1\" target=\"_blank\" rel=\"noopener\">Faites un don en ligne<\/a><\/strong>\u00a0en choisissant dans le menu d\u00e9roulant<strong>\u00a0\u00ab Fonds Solidarit\u00e9 Climat \u00bb<\/strong><\/p>\n<p>&#8211; Envoyez\u00a0un ch\u00e8que du montant de votre don\u00a0<strong>\u00e0 l\u2019ordre de \u00ab\u00a0Fondation de Lille &#8211; Climat\u00bb\u00a0<\/strong>en y joignant le <a href=\"http:\/\/www.fondationdelille.org\/climat\/wp-content\/uploads\/2017\/10\/Bulletin-de-soutien_Fonds-Solidarite_Climat.pdf\" target=\"_blank\" rel=\"noopener\">formulaire ci-joint\u00a0<\/a>directement \u00e0 :<\/p>\n<p><em>\u00a0Fondation de Lille \u00a0 \u00a0 \u00a0 \u00a0 \u00a0 \u00a0 \u00a0 \u00a0 \u00a0 \u00a0 \u00a0 \u00a0 \u00a0 \u00a0 \u00a0 \u00a0 \u00a0 \u00a0 \u00a0 \u00a0 \u00a0 \u00a0 \u00a0 \u00a0 \u00a0 \u00a0 \u00a0 \u00a0 \u00a0 \u00a0 \u00a0 \u00a0 \u00a0 \u00a0 \u00a0 \u00a0 \u00a0 \u00a0 \u00a0 \u00a0 \u00a0 \u00a0 \u00a0 \u00a0 \u00a0 \u00a0 \u00a0 \u00a0 \u00a0 \u00a0 \u00a0 \u00a0 \u00a0 \u00a0 \u00a0 \u00a0 \u00a0 \u00a0 \u00a0 \u00a0 \u00a0 \u00a0 \u00a0 \u00a0 \u00a0 \u00a0 \u00a0 \u00a0 \u00a0 \u00a0 \u00a0 \u00a0 \u00a0 \u00a0 \u00a0 \u00a0 \u00a0 \u00a0 \u00a0 \u00a0 \u00a0 \u00a0 \u00a0<\/em><em>99, rue Saint-Sauveur BP 667 \u00a0 \u00a0 \u00a0 \u00a0\u00a0 \u00a0 \u00a0 \u00a0 \u00a0 \u00a0 \u00a0 \u00a0 \u00a0 \u00a0\u00a0\u00a0 \u00a0 \u00a0 \u00a0 \u00a0 \u00a0 \u00a0 \u00a0\u00a0\u00a0 \u00a0 \u00a0 \u00a0 \u00a0 \u00a0 \u00a0 \u00a0\u00a0\u00a0 \u00a0 \u00a0 \u00a0 \u00a0 \u00a0 \u00a0 \u00a0\u00a0\u00a0 \u00a0 \u00a0 \u00a0 \u00a0 \u00a0\u00a0\u00a0 \u00a0 \u00a0 \u00a0 \u00a0 \u00a0 \u00a0 \u00a0\u00a0\u00a0 \u00a0 \u00a0 \u00a0 \u00a0 \u00a0 \u00a0 \u00a0\u00a0\u00a0 \u00a0 \u00a0 \u00a0 \u00a0 \u00a0 \u00a0 \u00a0\u00a0\u00a0 \u00a0 \u00a0 \u00a0 \u00a0 \u00a0 \u00a0<\/em><em>59033 Lille Cedex<\/em><\/p>\n<p><a href=\"https:\/\/www.helloasso.com\/associations\/fondation-de-lille\/formulaires\/1\" target=\"_blank\" rel=\"noopener\"><img decoding=\"async\" loading=\"lazy\" class=\"aligncenter wp-image-304 size-full\" src=\"http:\/\/www.fondationdelille.org\/climat\/wp-content\/uploads\/2015\/04\/je-fais-un-don-en-ligne.png\" alt=\"je fais un don en ligne\" width=\"303\" height=\"91\" srcset=\"https:\/\/www.fondationdelille.org\/climat\/wp-content\/uploads\/2015\/04\/je-fais-un-don-en-ligne.png 303w, https:\/\/www.fondationdelille.org\/climat\/wp-content\/uploads\/2015\/04\/je-fais-un-don-en-ligne-300x90.png 300w\" sizes=\"(max-width: 303px) 100vw, 303px\" \/><\/a><\/p>\n<hr \/>\n<p>Quel que soit le montant de votre don, la Fondation de Lille s&rsquo;engage \u00e0 vous transmettre un re\u00e7u fiscal vous permettant de d\u00e9duire :<\/p>\n<p>&#8211; Pour les particuliers :<\/p>\n<p><strong>\u00a0 \u00a0 \u00a066% de votre don sur l&rsquo;imp\u00f4t sur le revenu<\/strong><\/p>\n<p><strong>\u00a0 \u00a0 \u00a075% de votre don sur\u00a0l&rsquo;ISF<\/strong><\/p>\n<p>&#8211; Pour les entreprises\u00a0: <strong>60% de votre don sur l&rsquo;imp\u00f4t sur les soci\u00e9t\u00e9s<\/strong> (dans la limite de 5\u00a0\u2030 du chiffre d&rsquo;affaires hors taxes)<\/p>\n<p><a title=\"FAQ sur le don en ligne\" href=\"http:\/\/www.fondationdelille.org\/climat\/?page_id=220\"><img decoding=\"async\" loading=\"lazy\" class=\" size-full wp-image-303 aligncenter\" src=\"http:\/\/www.fondationdelille.org\/climat\/wp-content\/uploads\/2015\/04\/jai-des-questions-sur-mon-don.png\" alt=\"j'ai des questions sur mon don\" width=\"303\" height=\"91\" srcset=\"https:\/\/www.fondationdelille.org\/climat\/wp-content\/uploads\/2015\/04\/jai-des-questions-sur-mon-don.png 303w, https:\/\/www.fondationdelille.org\/climat\/wp-content\/uploads\/2015\/04\/jai-des-questions-sur-mon-don-300x90.png 300w\" sizes=\"(max-width: 303px) 100vw, 303px\" \/><\/a><\/p>\n<h1 style=\"text-align: center;\"><\/h1>\n<p><!--END .accordion --><\/p>\n","protected":false},"excerpt":{"rendered":"<p>&nbsp; Vous souhaitez faire un\u00a0don en faveur du\u00a0Fonds Solidarit\u00e9 Climat ? &#8211;\u00a0Faites un don en ligne\u00a0en choisissant dans le menu d\u00e9roulant\u00a0\u00ab Fonds Solidarit\u00e9 Climat \u00bb &#8211; Envoyez\u00a0un ch\u00e8que du montant [&hellip;]<\/p>\n","protected":false},"author":2,"featured_media":0,"parent":167,"menu_order":0,"comment_status":"closed","ping_status":"closed","template":"","meta":{"_mi_skip_tracking":false},"acf":[],"_links":{"self":[{"href":"https:\/\/www.fondationdelille.org\/climat\/wp-json\/wp\/v2\/pages\/170"}],"collection":[{"href":"https:\/\/www.fondationdelille.org\/climat\/wp-json\/wp\/v2\/pages"}],"about":[{"href":"https:\/\/www.fondationdelille.org\/climat\/wp-json\/wp\/v2\/types\/page"}],"author":[{"embeddable":true,"href":"https:\/\/www.fondationdelille.org\/climat\/wp-json\/wp\/v2\/users\/2"}],"replies":[{"embeddable":true,"href":"https:\/\/www.fondationdelille.org\/climat\/wp-json\/wp\/v2\/comments?post=170"}],"version-history":[{"count":37,"href":"https:\/\/www.fondationdelille.org\/climat\/wp-json\/wp\/v2\/pages\/170\/revisions"}],"predecessor-version":[{"id":794,"href":"https:\/\/www.fondationdelille.org\/climat\/wp-json\/wp\/v2\/pages\/170\/revisions\/794"}],"up":[{"embeddable":true,"href":"https:\/\/www.fondationdelille.org\/climat\/wp-json\/wp\/v2\/pages\/167"}],"wp:attachment":[{"href":"https:\/\/www.fondationdelille.org\/climat\/wp-json\/wp\/v2\/media?parent=170"}],"curies":[{"name":"wp","href":"https:\/\/api.w.org\/{rel}","templated":true}]}}

<p><img decoding="async" loading="lazy" class="aligncenter wp-image-421 size-medium" src="http://www.fondationdelille.org/climat/wp-content/uploads/2015/04/pouce-300x77.png" alt="pouce" width="300" height="77" srcset="https://www.fondationdelille.org/climat/wp-content/uploads/2015/04/pouce-300x77.png 300w, https://www.fondationdelille.org/climat/wp-content/uploads/2015/04/pouce-1024x263.png 1024w, https://www.fondationdelille.org/climat/wp-content/uploads/2015/04/pouce.png 1145w" sizes="(max-width: 300px) 100vw, 300px" /></p>
<p>&nbsp;</p>
<p>Vous souhaitez faire un don en faveur du Fonds Solidarité Climat ?</p>
<p>&#8211; <strong><a href="https://www.helloasso.com/associations/fondation-de-lille/formulaires/1" target="_blank" rel="noopener">Faites un don en ligne</a></strong> en choisissant dans le menu déroulant<strong> « Fonds Solidarité Climat »</strong></p>
<p>&#8211; Envoyez un chèque du montant de votre don <strong>à l’ordre de « Fondation de Lille &#8211; Climat» </strong>en y joignant le <a href="http://www.fondationdelille.org/climat/wp-content/uploads/2017/10/Bulletin-de-soutien_Fonds-Solidarite_Climat.pdf" target="_blank" rel="noopener">formulaire ci-joint </a>directement à :</p>
<p><em> Fondation de Lille                                                                                                                                                                      </em><em>99, rue Saint-Sauveur BP 667                                                                                                                                                     </em><em>59033 Lille Cedex</em></p>
<p><a href="https://www.helloasso.com/associations/fondation-de-lille/formulaires/1" target="_blank" rel="noopener"><img decoding="async" loading="lazy" class="aligncenter wp-image-304 size-full" src="http://www.fondationdelille.org/climat/wp-content/uploads/2015/04/je-fais-un-don-en-ligne.png" alt="je fais un don en ligne" width="303" height="91" srcset="https://www.fondationdelille.org/climat/wp-content/uploads/2015/04/je-fais-un-don-en-ligne.png 303w, https://www.fondationdelille.org/climat/wp-content/uploads/2015/04/je-fais-un-don-en-ligne-300x90.png 300w" sizes="(max-width: 303px) 100vw, 303px" /></a></p>
<hr />
<p>Quel que soit le montant de votre don, la Fondation de Lille s&rsquo;engage à vous transmettre un reçu fiscal vous permettant de déduire :</p>
<p>&#8211; Pour les particuliers :</p>
<p><strong>     66% de votre don sur l&rsquo;impôt sur le revenu</strong></p>
<p><strong>     75% de votre don sur l&rsquo;ISF</strong></p>
<p>&#8211; Pour les entreprises : <strong>60% de votre don sur l&rsquo;impôt sur les sociétés</strong> (dans la limite de 5 ‰ du chiffre d&rsquo;affaires hors taxes)</p>
<p><a title="FAQ sur le don en ligne" href="http://www.fondationdelille.org/climat/?page_id=220"><img decoding="async" loading="lazy" class=" size-full wp-image-303 aligncenter" src="http://www.fondationdelille.org/climat/wp-content/uploads/2015/04/jai-des-questions-sur-mon-don.png" alt="j'ai des questions sur mon don" width="303" height="91" srcset="https://www.fondationdelille.org/climat/wp-content/uploads/2015/04/jai-des-questions-sur-mon-don.png 303w, https://www.fondationdelille.org/climat/wp-content/uploads/2015/04/jai-des-questions-sur-mon-don-300x90.png 300w" sizes="(max-width: 303px) 100vw, 303px" /></a></p>
<h1 style="text-align: center;"></h1>
<p><!--END .accordion --></p>

<p>&nbsp; Vous souhaitez faire un don en faveur du Fonds Solidarité Climat ? &#8211; Faites un don en ligne en choisissant dans le menu déroulant « Fonds Solidarité Climat » &#8211; Envoyez un chèque du montant [&hellip;]</p>
