 {"id":172,"date":"2015-04-01T16:53:43","date_gmt":"2015-04-01T15:53:43","guid":{"rendered":"http:\/\/www.fondationdelille.org\/climat\/?page_id=172"},"modified":"2022-04-06T15:06:34","modified_gmt":"2022-04-06T14:06:34","slug":"je-soumets-un-projet","status":"publish","type":"page","link":"https:\/\/www.fondationdelille.org\/climat\/laureats\/je-soumets-un-projet\/","title":{"rendered":"Je soumets un projet"},"content":{"rendered":"<p style=\"text-align: justify;\"><strong><img decoding=\"async\" loading=\"lazy\" class=\"wp-image-420 size-medium aligncenter\" src=\"http:\/\/www.fondationdelille.org\/climat\/wp-content\/uploads\/2015\/04\/ordinateur-300x83.png\" alt=\"ordinateur\" width=\"300\" height=\"83\" srcset=\"https:\/\/www.fondationdelille.org\/climat\/wp-content\/uploads\/2015\/04\/ordinateur-300x83.png 300w, https:\/\/www.fondationdelille.org\/climat\/wp-content\/uploads\/2015\/04\/ordinateur-1024x284.png 1024w, https:\/\/www.fondationdelille.org\/climat\/wp-content\/uploads\/2015\/04\/ordinateur.png 1098w\" sizes=\"(max-width: 300px) 100vw, 300px\" \/><\/strong><\/p>\n<p style=\"text-align: justify;\">Vous pouvez r\u00e9pondre \u00e0 l\u2019appel \u00e0 projets si\u2026<\/p>\n<ul style=\"text-align: justify;\">\n<li>Vous \u00eates une association, un \u00e9tablissement scolaire, un centre social domicili\u00e9(e) \u00e0 Lille ou dans la r\u00e9gion des Hauts-de-France<\/li>\n<\/ul>\n<p style=\"text-align: justify;\"><b>et si\u00a0<\/b><\/p>\n<ul style=\"text-align: justify;\">\n<li>Votre projet \u00e0 vis\u00e9e climatique sera mis en \u0153uvre e\u00e0 Lille, dans le Nord, le Pas de Calais ou dans une zone de coop\u00e9ration des collectivit\u00e9s de la r\u00e9gion<i> <\/i><i><i>(ex\u00a0: la ville de Saint-Louis au S\u00e9n\u00e9gal pour la Ville de Lille, la ville de Limonade en Ha\u00efti avec la ville d\u2019Arras\u2026).\u00a0<\/i><\/i><\/li>\n<\/ul>\n<hr \/>\n<h6 style=\"text-align: justify;\"><span style=\"color: #0000ff;\"><strong><a style=\"color: #0000ff;\" href=\"http:\/\/www.fondationdelille.org\/climat\/wp-content\/uploads\/2022\/04\/AAP-2022.pdf\">D\u00e9couvrez d\u00e8s maintenant l&rsquo;appel \u00e0 projets 2022. Inscription valable jusqu&rsquo;au 22 avril 2022.<\/a><\/strong><\/span><\/h6>\n<hr \/>\n","protected":false},"excerpt":{"rendered":"<p>Vous pouvez r\u00e9pondre \u00e0 l\u2019appel \u00e0 projets si\u2026 Vous \u00eates une association, un \u00e9tablissement scolaire, un centre social domicili\u00e9(e) \u00e0 Lille ou dans la r\u00e9gion des Hauts-de-France et si\u00a0 Votre [&hellip;]<\/p>\n","protected":false},"author":2,"featured_media":0,"parent":246,"menu_order":0,"comment_status":"closed","ping_status":"closed","template":"","meta":{"_mi_skip_tracking":false},"acf":[],"_links":{"self":[{"href":"https:\/\/www.fondationdelille.org\/climat\/wp-json\/wp\/v2\/pages\/172"}],"collection":[{"href":"https:\/\/www.fondationdelille.org\/climat\/wp-json\/wp\/v2\/pages"}],"about":[{"href":"https:\/\/www.fondationdelille.org\/climat\/wp-json\/wp\/v2\/types\/page"}],"author":[{"embeddable":true,"href":"https:\/\/www.fondationdelille.org\/climat\/wp-json\/wp\/v2\/users\/2"}],"replies":[{"embeddable":true,"href":"https:\/\/www.fondationdelille.org\/climat\/wp-json\/wp\/v2\/comments?post=172"}],"version-history":[{"count":32,"href":"https:\/\/www.fondationdelille.org\/climat\/wp-json\/wp\/v2\/pages\/172\/revisions"}],"predecessor-version":[{"id":840,"href":"https:\/\/www.fondationdelille.org\/climat\/wp-json\/wp\/v2\/pages\/172\/revisions\/840"}],"up":[{"embeddable":true,"href":"https:\/\/www.fondationdelille.org\/climat\/wp-json\/wp\/v2\/pages\/246"}],"wp:attachment":[{"href":"https:\/\/www.fondationdelille.org\/climat\/wp-json\/wp\/v2\/media?parent=172"}],"curies":[{"name":"wp","href":"https:\/\/api.w.org\/{rel}","templated":true}]}}

<p style="text-align: justify;"><strong><img decoding="async" loading="lazy" class="wp-image-420 size-medium aligncenter" src="http://www.fondationdelille.org/climat/wp-content/uploads/2015/04/ordinateur-300x83.png" alt="ordinateur" width="300" height="83" srcset="https://www.fondationdelille.org/climat/wp-content/uploads/2015/04/ordinateur-300x83.png 300w, https://www.fondationdelille.org/climat/wp-content/uploads/2015/04/ordinateur-1024x284.png 1024w, https://www.fondationdelille.org/climat/wp-content/uploads/2015/04/ordinateur.png 1098w" sizes="(max-width: 300px) 100vw, 300px" /></strong></p>
<p style="text-align: justify;">Vous pouvez répondre à l’appel à projets si…</p>
<ul style="text-align: justify;">
<li>Vous êtes une association, un établissement scolaire, un centre social domicilié(e) à Lille ou dans la région des Hauts-de-France</li>
</ul>
<p style="text-align: justify;"><b>et si </b></p>
<ul style="text-align: justify;">
<li>Votre projet à visée climatique sera mis en œuvre eà Lille, dans le Nord, le Pas de Calais ou dans une zone de coopération des collectivités de la région<i> </i><i><i>(ex : la ville de Saint-Louis au Sénégal pour la Ville de Lille, la ville de Limonade en Haïti avec la ville d’Arras…). </i></i></li>
</ul>
<hr />
<h6 style="text-align: justify;"><span style="color: #0000ff;"><strong><a style="color: #0000ff;" href="http://www.fondationdelille.org/climat/wp-content/uploads/2022/04/AAP-2022.pdf">Découvrez dès maintenant l&rsquo;appel à projets 2022. Inscription valable jusqu&rsquo;au 22 avril 2022.</a></strong></span></h6>
<hr />

<p>Vous pouvez répondre à l’appel à projets si… Vous êtes une association, un établissement scolaire, un centre social domicilié(e) à Lille ou dans la région des Hauts-de-France et si  Votre [&hellip;]</p>
