 {"id":350,"date":"2015-04-10T09:58:56","date_gmt":"2015-04-10T08:58:56","guid":{"rendered":"http:\/\/www.fondationdelille.org\/climat\/?page_id=350"},"modified":"2021-02-23T12:39:25","modified_gmt":"2021-02-23T11:39:25","slug":"nos-partenaires","status":"publish","type":"page","link":"https:\/\/www.fondationdelille.org\/climat\/nos-partenaires\/","title":{"rendered":"Nos Partenaires"},"content":{"rendered":"<p>Le Fonds Solidarit\u00e9 Climat est aliment\u00e9 par les dons d&rsquo;associations, collectivit\u00e9s, entreprises et particuliers des Hauts-de-France.<\/p>\n<p><img decoding=\"async\" loading=\"lazy\" class=\"alignnone wp-image-357\" src=\"http:\/\/www.fondationdelille.org\/climat\/wp-content\/uploads\/2015\/04\/Logo-ville-de-Lille.jpg\" alt=\"LogotypeVertical\" width=\"120\" height=\"161\" srcset=\"https:\/\/www.fondationdelille.org\/climat\/wp-content\/uploads\/2015\/04\/Logo-ville-de-Lille.jpg 238w, https:\/\/www.fondationdelille.org\/climat\/wp-content\/uploads\/2015\/04\/Logo-ville-de-Lille-223x300.jpg 223w\" sizes=\"(max-width: 120px) 100vw, 120px\" \/>\u00a0 \u00a0\u00a0<img decoding=\"async\" loading=\"lazy\" class=\"alignnone wp-image-348 size-full\" src=\"http:\/\/www.fondationdelille.org\/climat\/wp-content\/uploads\/2015\/04\/Logo_dynamiqueclimat_COP21mini.png\" alt=\"Logo_dynamiqueclimat_COP21mini\" width=\"300\" height=\"83\" \/><\/p>\n<p><img decoding=\"async\" loading=\"lazy\" class=\"alignnone wp-image-515\" src=\"http:\/\/www.fondationdelille.org\/climat\/wp-content\/uploads\/2015\/04\/logo_dalkia-petit.png\" alt=\"logo_dalkia-petit\" width=\"270\" height=\"103\" srcset=\"https:\/\/www.fondationdelille.org\/climat\/wp-content\/uploads\/2015\/04\/logo_dalkia-petit.png 350w, https:\/\/www.fondationdelille.org\/climat\/wp-content\/uploads\/2015\/04\/logo_dalkia-petit-300x114.png 300w\" sizes=\"(max-width: 270px) 100vw, 270px\" \/><img decoding=\"async\" loading=\"lazy\" class=\"alignleft wp-image-567 size-medium\" src=\"http:\/\/www.fondationdelille.org\/climat\/wp-content\/uploads\/2015\/04\/image002-300x113.jpg\" alt=\"Impression\" width=\"300\" height=\"113\" srcset=\"https:\/\/www.fondationdelille.org\/climat\/wp-content\/uploads\/2015\/04\/image002-300x113.jpg 300w, https:\/\/www.fondationdelille.org\/climat\/wp-content\/uploads\/2015\/04\/image002-1024x384.jpg 1024w, https:\/\/www.fondationdelille.org\/climat\/wp-content\/uploads\/2015\/04\/image002-800x300.jpg 800w, https:\/\/www.fondationdelille.org\/climat\/wp-content\/uploads\/2015\/04\/image002.jpg 1181w\" sizes=\"(max-width: 300px) 100vw, 300px\" \/><\/p>\n<p>&nbsp;<\/p>\n<p><strong>Les partenaires associatifs<\/strong><\/p>\n<p><img decoding=\"async\" loading=\"lazy\" class=\"alignnone wp-image-358\" src=\"http:\/\/www.fondationdelille.org\/climat\/wp-content\/uploads\/2015\/04\/logo-chti-teranga-2-V-150x150.png\" alt=\"logo-chti-teranga-2-V\" width=\"130\" height=\"130\" srcset=\"https:\/\/www.fondationdelille.org\/climat\/wp-content\/uploads\/2015\/04\/logo-chti-teranga-2-V-150x150.png 150w, https:\/\/www.fondationdelille.org\/climat\/wp-content\/uploads\/2015\/04\/logo-chti-teranga-2-V.png 200w\" sizes=\"(max-width: 130px) 100vw, 130px\" \/>\u00a0 \u00a0\u00a0<img decoding=\"async\" loading=\"lazy\" class=\"alignnone wp-image-359\" src=\"http:\/\/www.fondationdelille.org\/climat\/wp-content\/uploads\/2015\/04\/Capture-d\u2019\u00e9cran-2015-04-10-\u00e0-11.22.13.png\" alt=\"\" width=\"100\" height=\"134\" \/><\/p>\n<p><img decoding=\"async\" loading=\"lazy\" class=\"alignnone wp-image-360\" src=\"http:\/\/www.fondationdelille.org\/climat\/wp-content\/uploads\/2015\/04\/arton2255.jpg\" alt=\"\" width=\"239\" height=\"100\" srcset=\"https:\/\/www.fondationdelille.org\/climat\/wp-content\/uploads\/2015\/04\/arton2255.jpg 1222w, https:\/\/www.fondationdelille.org\/climat\/wp-content\/uploads\/2015\/04\/arton2255-300x126.jpg 300w, https:\/\/www.fondationdelille.org\/climat\/wp-content\/uploads\/2015\/04\/arton2255-1024x429.jpg 1024w\" sizes=\"(max-width: 239px) 100vw, 239px\" \/>\u00a0 \u00a0\u00a0<img decoding=\"async\" loading=\"lazy\" class=\"alignnone wp-image-362\" src=\"http:\/\/www.fondationdelille.org\/climat\/wp-content\/uploads\/2015\/04\/logo_npdc.jpg\" alt=\"logo_npdc\" width=\"271\" height=\"120\" srcset=\"https:\/\/www.fondationdelille.org\/climat\/wp-content\/uploads\/2015\/04\/logo_npdc.jpg 1773w, https:\/\/www.fondationdelille.org\/climat\/wp-content\/uploads\/2015\/04\/logo_npdc-300x133.jpg 300w, https:\/\/www.fondationdelille.org\/climat\/wp-content\/uploads\/2015\/04\/logo_npdc-1024x454.jpg 1024w\" sizes=\"(max-width: 271px) 100vw, 271px\" \/>\u00a0<img decoding=\"async\" loading=\"lazy\" class=\"alignleft wp-image-571 size-thumbnail\" src=\"http:\/\/www.fondationdelille.org\/climat\/wp-content\/uploads\/2015\/04\/25494_416851485489_4360514_n-150x150.jpg\" alt=\"25494_416851485489_4360514_n\" width=\"150\" height=\"150\" srcset=\"https:\/\/www.fondationdelille.org\/climat\/wp-content\/uploads\/2015\/04\/25494_416851485489_4360514_n-150x150.jpg 150w, https:\/\/www.fondationdelille.org\/climat\/wp-content\/uploads\/2015\/04\/25494_416851485489_4360514_n.jpg 160w\" sizes=\"(max-width: 150px) 100vw, 150px\" \/><\/p>\n<p>&nbsp;<\/p>\n<p><strong>Et l&rsquo;ensemble des particuliers, qui par leurs dons, font vivre le\u00a0Fonds Solidarit\u00e9 Climat, merci \u00e0 tous !<\/strong><\/p>\n","protected":false},"excerpt":{"rendered":"<p>Le Fonds Solidarit\u00e9 Climat est aliment\u00e9 par les dons d&rsquo;associations, collectivit\u00e9s, entreprises et particuliers des Hauts-de-France. \u00a0 \u00a0\u00a0 &nbsp; Les partenaires associatifs \u00a0 \u00a0\u00a0 \u00a0 \u00a0\u00a0\u00a0 &nbsp; Et l&rsquo;ensemble des [&hellip;]<\/p>\n","protected":false},"author":2,"featured_media":0,"parent":0,"menu_order":0,"comment_status":"closed","ping_status":"open","template":"","meta":{"_mi_skip_tracking":false},"acf":[],"_links":{"self":[{"href":"https:\/\/www.fondationdelille.org\/climat\/wp-json\/wp\/v2\/pages\/350"}],"collection":[{"href":"https:\/\/www.fondationdelille.org\/climat\/wp-json\/wp\/v2\/pages"}],"about":[{"href":"https:\/\/www.fondationdelille.org\/climat\/wp-json\/wp\/v2\/types\/page"}],"author":[{"embeddable":true,"href":"https:\/\/www.fondationdelille.org\/climat\/wp-json\/wp\/v2\/users\/2"}],"replies":[{"embeddable":true,"href":"https:\/\/www.fondationdelille.org\/climat\/wp-json\/wp\/v2\/comments?post=350"}],"version-history":[{"count":20,"href":"https:\/\/www.fondationdelille.org\/climat\/wp-json\/wp\/v2\/pages\/350\/revisions"}],"predecessor-version":[{"id":826,"href":"https:\/\/www.fondationdelille.org\/climat\/wp-json\/wp\/v2\/pages\/350\/revisions\/826"}],"wp:attachment":[{"href":"https:\/\/www.fondationdelille.org\/climat\/wp-json\/wp\/v2\/media?parent=350"}],"curies":[{"name":"wp","href":"https:\/\/api.w.org\/{rel}","templated":true}]}}

<p>Le Fonds Solidarité Climat est alimenté par les dons d&rsquo;associations, collectivités, entreprises et particuliers des Hauts-de-France.</p>
<p><img decoding="async" loading="lazy" class="alignnone wp-image-357" src="http://www.fondationdelille.org/climat/wp-content/uploads/2015/04/Logo-ville-de-Lille.jpg" alt="LogotypeVertical" width="120" height="161" srcset="https://www.fondationdelille.org/climat/wp-content/uploads/2015/04/Logo-ville-de-Lille.jpg 238w, https://www.fondationdelille.org/climat/wp-content/uploads/2015/04/Logo-ville-de-Lille-223x300.jpg 223w" sizes="(max-width: 120px) 100vw, 120px" />    <img decoding="async" loading="lazy" class="alignnone wp-image-348 size-full" src="http://www.fondationdelille.org/climat/wp-content/uploads/2015/04/Logo_dynamiqueclimat_COP21mini.png" alt="Logo_dynamiqueclimat_COP21mini" width="300" height="83" /></p>
<p><img decoding="async" loading="lazy" class="alignnone wp-image-515" src="http://www.fondationdelille.org/climat/wp-content/uploads/2015/04/logo_dalkia-petit.png" alt="logo_dalkia-petit" width="270" height="103" srcset="https://www.fondationdelille.org/climat/wp-content/uploads/2015/04/logo_dalkia-petit.png 350w, https://www.fondationdelille.org/climat/wp-content/uploads/2015/04/logo_dalkia-petit-300x114.png 300w" sizes="(max-width: 270px) 100vw, 270px" /><img decoding="async" loading="lazy" class="alignleft wp-image-567 size-medium" src="http://www.fondationdelille.org/climat/wp-content/uploads/2015/04/image002-300x113.jpg" alt="Impression" width="300" height="113" srcset="https://www.fondationdelille.org/climat/wp-content/uploads/2015/04/image002-300x113.jpg 300w, https://www.fondationdelille.org/climat/wp-content/uploads/2015/04/image002-1024x384.jpg 1024w, https://www.fondationdelille.org/climat/wp-content/uploads/2015/04/image002-800x300.jpg 800w, https://www.fondationdelille.org/climat/wp-content/uploads/2015/04/image002.jpg 1181w" sizes="(max-width: 300px) 100vw, 300px" /></p>
<p>&nbsp;</p>
<p><strong>Les partenaires associatifs</strong></p>
<p><img decoding="async" loading="lazy" class="alignnone wp-image-358" src="http://www.fondationdelille.org/climat/wp-content/uploads/2015/04/logo-chti-teranga-2-V-150x150.png" alt="logo-chti-teranga-2-V" width="130" height="130" srcset="https://www.fondationdelille.org/climat/wp-content/uploads/2015/04/logo-chti-teranga-2-V-150x150.png 150w, https://www.fondationdelille.org/climat/wp-content/uploads/2015/04/logo-chti-teranga-2-V.png 200w" sizes="(max-width: 130px) 100vw, 130px" />    <img decoding="async" loading="lazy" class="alignnone wp-image-359" src="http://www.fondationdelille.org/climat/wp-content/uploads/2015/04/Capture-d’écran-2015-04-10-à-11.22.13.png" alt="" width="100" height="134" /></p>
<p><img decoding="async" loading="lazy" class="alignnone wp-image-360" src="http://www.fondationdelille.org/climat/wp-content/uploads/2015/04/arton2255.jpg" alt="" width="239" height="100" srcset="https://www.fondationdelille.org/climat/wp-content/uploads/2015/04/arton2255.jpg 1222w, https://www.fondationdelille.org/climat/wp-content/uploads/2015/04/arton2255-300x126.jpg 300w, https://www.fondationdelille.org/climat/wp-content/uploads/2015/04/arton2255-1024x429.jpg 1024w" sizes="(max-width: 239px) 100vw, 239px" />    <img decoding="async" loading="lazy" class="alignnone wp-image-362" src="http://www.fondationdelille.org/climat/wp-content/uploads/2015/04/logo_npdc.jpg" alt="logo_npdc" width="271" height="120" srcset="https://www.fondationdelille.org/climat/wp-content/uploads/2015/04/logo_npdc.jpg 1773w, https://www.fondationdelille.org/climat/wp-content/uploads/2015/04/logo_npdc-300x133.jpg 300w, https://www.fondationdelille.org/climat/wp-content/uploads/2015/04/logo_npdc-1024x454.jpg 1024w" sizes="(max-width: 271px) 100vw, 271px" /> <img decoding="async" loading="lazy" class="alignleft wp-image-571 size-thumbnail" src="http://www.fondationdelille.org/climat/wp-content/uploads/2015/04/25494_416851485489_4360514_n-150x150.jpg" alt="25494_416851485489_4360514_n" width="150" height="150" srcset="https://www.fondationdelille.org/climat/wp-content/uploads/2015/04/25494_416851485489_4360514_n-150x150.jpg 150w, https://www.fondationdelille.org/climat/wp-content/uploads/2015/04/25494_416851485489_4360514_n.jpg 160w" sizes="(max-width: 150px) 100vw, 150px" /></p>
<p>&nbsp;</p>
<p><strong>Et l&rsquo;ensemble des particuliers, qui par leurs dons, font vivre le Fonds Solidarité Climat, merci à tous !</strong></p>

<p>Le Fonds Solidarité Climat est alimenté par les dons d&rsquo;associations, collectivités, entreprises et particuliers des Hauts-de-France.      &nbsp; Les partenaires associatifs            &nbsp; Et l&rsquo;ensemble des [&hellip;]</p>
