 {"id":602,"date":"2016-09-27T10:45:42","date_gmt":"2016-09-27T09:45:42","guid":{"rendered":"http:\/\/www.fondationdelille.org\/climat\/?page_id=602"},"modified":"2021-02-23T12:32:26","modified_gmt":"2021-02-23T11:32:26","slug":"le-partenariat","status":"publish","type":"page","link":"https:\/\/www.fondationdelille.org\/climat\/laureats\/international\/le-partenariat\/","title":{"rendered":"Pour la sauvegarde et la mise en valeur de la mangrove"},"content":{"rendered":"<hr \/>\n<p style=\"text-align: center;\"><strong>LE PARTENARIAT &#8211; LAUR\u00c9AT 2013<\/strong><\/p>\n<hr \/>\n<p style=\"text-align: justify;\"><strong>En 2013, le Partenariat<\/strong> a obtenu une aide financi\u00e8re de <strong>2 000 \u20ac<\/strong> pour son <strong>projet de sauvegarde et de mise en valeur de la Mangrove de Saint-Louis du S\u00e9n\u00e9gal<\/strong>.<\/p>\n<p style=\"text-align: justify;\">Le projet visait \u00e0 <strong>sauvegarder cet \u00e9cosyst\u00e8me fragile<\/strong>, abritant des ressources naturelles importantes qui <strong>contribuent \u00e0 la r\u00e9silience \u00e9cologique face au changement climatique<\/strong> que conna\u00eet la commune (salinisation des terres, mont\u00e9e des eaux\u2026). Pour rappel, la mangrove de Saint-Louis est la plus septentrionale de l&rsquo;Afrique de l&rsquo;Ouest, <strong>elle a perdu 24 % de sa surface et pas loin de la moiti\u00e9 de ses esp\u00e8ces animales<\/strong>, tandis que les activit\u00e9s humaines m\u00e8nent \u00e0 sa d\u00e9gradation quotidienne.<\/p>\n<p style=\"text-align: center;\"><iframe loading=\"lazy\" src=\"https:\/\/www.youtube.com\/embed\/wqT6f48EhB8\" width=\"560\" height=\"315\" frameborder=\"0\" allowfullscreen=\"allowfullscreen\"><\/iframe><\/p>\n<div id=\"watch-header\" class=\"yt-card yt-card-has-padding\">\n<div id=\"watch7-headline\" class=\"clearfix\">\n<div id=\"watch-headline-title\">\n<p class=\"yt watch-title-container\" style=\"text-align: center;\"><span id=\"eow-title\" class=\"watch-title \" dir=\"ltr\" title=\"Pour une gestion durable de la mangrove de Saint-Louis\"><strong>Pour une gestion durable de la mangrove de Saint-Louis<\/strong> <\/span><\/p>\n<p class=\"yt watch-title-container\" style=\"text-align: center;\">Documentaire r\u00e9alis\u00e9 par Guiss Guiss Adouna (Studio S\u00e9n\u00e9ganim)<br \/>\navec l&rsquo;association Le Partenariat \u00e0 Saint-Louis du S\u00e9n\u00e9gal en 2012<\/p>\n<\/div>\n<\/div>\n<\/div>\n<address style=\"text-align: center;\">\u00a0<\/address>\n<hr \/>\n<p style=\"text-align: center;\"><strong><span style=\"line-height: 1.5;\">ET CONCR\u00c8TEMENT ?<\/span><\/strong><\/p>\n<hr \/>\n<p style=\"text-align: justify;\">Il s\u2019agit ici de la 2e \u00e9tape d\u2019un programme d\u00e9j\u00e0 financ\u00e9 dans le cadre du 1er appel \u00e0 projet organis\u00e9 par la Ville de Lille (Cf. Onglet \u00ab\u00a0Historique\u00a0\u00bb).<\/p>\n<p style=\"text-align: justify;\">Les 4 grandes phases de ce second volet \u00e9taient de <strong>mettre en place un syst\u00e8me de gestion et de suivi de l\u2019\u00e9cosyst\u00e8me<\/strong> par la commune de Saint-Louis, de<strong> promouvoir des actions de reboisement de la mangrove<\/strong>, de continuer \u00e0 <strong>sensibiliser en milieu scolaire sur la gestion durable des ressources naturelles<\/strong> et enfin de favoriser l\u2019\u00e9mergence d\u2019activit\u00e9s \u00e9conomiques li\u00e9es \u00e0 une bonne gestion de la mangrove.<\/p>\n<p style=\"text-align: justify;\">Un comit\u00e9 local de suivi a \u00e9t\u00e9 implant\u00e9 tandis que l&rsquo;association Le Partenariat travaille en concertation avec la Commune de Saint-Louis et son ADC (Agence de D\u00e9veloppement Communal), ses communes avoisinantes, l&rsquo;Agence R\u00e9gionale de D\u00e9veloppement (ARD) et le GIE des \u00e9cogardes de Gardiol.<\/p>\n<p style=\"text-align: justify;\">De nombreux ateliers de sensibilisation ont \u00e9t\u00e9 mis en place depuis le lancement du projet en novembre 2014, tandis que la phase 1 avait d\u00e9j\u00e0 permis d&rsquo;<strong>am\u00e9liorer les conditions de vie des populations par les retomb\u00e9es financi\u00e8res g\u00e9n\u00e9r\u00e9es par la mangrove,<\/strong> o\u00f9 la pr\u00e9sence de hu\u00eetres, crevettes et autres esp\u00e8ces de poissons vivants dans cet \u00e9cosyst\u00e8me participe \u00e0 la relance de l&rsquo;activit\u00e9 de la p\u00eache.<\/p>\n<hr \/>\n<p style=\"text-align: justify;\"><strong>Je veux en savoir plus :<\/strong><\/p>\n<p style=\"text-align: justify;\"><a href=\"http:\/\/www.lepartenariat.org\" target=\"_blank\" rel=\"noopener\">Le site du Partenariat<\/a><\/p>\n","protected":false},"excerpt":{"rendered":"<p>LE PARTENARIAT &#8211; LAUR\u00c9AT 2013 En 2013, le Partenariat a obtenu une aide financi\u00e8re de 2 000 \u20ac pour son projet de sauvegarde et de mise en valeur de la [&hellip;]<\/p>\n","protected":false},"author":2,"featured_media":0,"parent":194,"menu_order":0,"comment_status":"closed","ping_status":"closed","template":"","meta":{"_mi_skip_tracking":false},"acf":[],"_links":{"self":[{"href":"https:\/\/www.fondationdelille.org\/climat\/wp-json\/wp\/v2\/pages\/602"}],"collection":[{"href":"https:\/\/www.fondationdelille.org\/climat\/wp-json\/wp\/v2\/pages"}],"about":[{"href":"https:\/\/www.fondationdelille.org\/climat\/wp-json\/wp\/v2\/types\/page"}],"author":[{"embeddable":true,"href":"https:\/\/www.fondationdelille.org\/climat\/wp-json\/wp\/v2\/users\/2"}],"replies":[{"embeddable":true,"href":"https:\/\/www.fondationdelille.org\/climat\/wp-json\/wp\/v2\/comments?post=602"}],"version-history":[{"count":10,"href":"https:\/\/www.fondationdelille.org\/climat\/wp-json\/wp\/v2\/pages\/602\/revisions"}],"predecessor-version":[{"id":822,"href":"https:\/\/www.fondationdelille.org\/climat\/wp-json\/wp\/v2\/pages\/602\/revisions\/822"}],"up":[{"embeddable":true,"href":"https:\/\/www.fondationdelille.org\/climat\/wp-json\/wp\/v2\/pages\/194"}],"wp:attachment":[{"href":"https:\/\/www.fondationdelille.org\/climat\/wp-json\/wp\/v2\/media?parent=602"}],"curies":[{"name":"wp","href":"https:\/\/api.w.org\/{rel}","templated":true}]}}

<hr />
<p style="text-align: center;"><strong>LE PARTENARIAT &#8211; LAURÉAT 2013</strong></p>
<hr />
<p style="text-align: justify;"><strong>En 2013, le Partenariat</strong> a obtenu une aide financière de <strong>2 000 €</strong> pour son <strong>projet de sauvegarde et de mise en valeur de la Mangrove de Saint-Louis du Sénégal</strong>.</p>
<p style="text-align: justify;">Le projet visait à <strong>sauvegarder cet écosystème fragile</strong>, abritant des ressources naturelles importantes qui <strong>contribuent à la résilience écologique face au changement climatique</strong> que connaît la commune (salinisation des terres, montée des eaux…). Pour rappel, la mangrove de Saint-Louis est la plus septentrionale de l&rsquo;Afrique de l&rsquo;Ouest, <strong>elle a perdu 24 % de sa surface et pas loin de la moitié de ses espèces animales</strong>, tandis que les activités humaines mènent à sa dégradation quotidienne.</p>
<p style="text-align: center;"><iframe loading="lazy" src="https://www.youtube.com/embed/wqT6f48EhB8" width="560" height="315" frameborder="0" allowfullscreen="allowfullscreen"></iframe></p>
<div id="watch-header" class="yt-card yt-card-has-padding">
<div id="watch7-headline" class="clearfix">
<div id="watch-headline-title">
<p class="yt watch-title-container" style="text-align: center;"><span id="eow-title" class="watch-title " dir="ltr" title="Pour une gestion durable de la mangrove de Saint-Louis"><strong>Pour une gestion durable de la mangrove de Saint-Louis</strong> </span></p>
<p class="yt watch-title-container" style="text-align: center;">Documentaire réalisé par Guiss Guiss Adouna (Studio Sénéganim)<br />
avec l&rsquo;association Le Partenariat à Saint-Louis du Sénégal en 2012</p>
</div>
</div>
</div>
<address style="text-align: center;"> </address>
<hr />
<p style="text-align: center;"><strong><span style="line-height: 1.5;">ET CONCRÈTEMENT ?</span></strong></p>
<hr />
<p style="text-align: justify;">Il s’agit ici de la 2e étape d’un programme déjà financé dans le cadre du 1er appel à projet organisé par la Ville de Lille (Cf. Onglet « Historique »).</p>
<p style="text-align: justify;">Les 4 grandes phases de ce second volet étaient de <strong>mettre en place un système de gestion et de suivi de l’écosystème</strong> par la commune de Saint-Louis, de<strong> promouvoir des actions de reboisement de la mangrove</strong>, de continuer à <strong>sensibiliser en milieu scolaire sur la gestion durable des ressources naturelles</strong> et enfin de favoriser l’émergence d’activités économiques liées à une bonne gestion de la mangrove.</p>
<p style="text-align: justify;">Un comité local de suivi a été implanté tandis que l&rsquo;association Le Partenariat travaille en concertation avec la Commune de Saint-Louis et son ADC (Agence de Développement Communal), ses communes avoisinantes, l&rsquo;Agence Régionale de Développement (ARD) et le GIE des écogardes de Gardiol.</p>
<p style="text-align: justify;">De nombreux ateliers de sensibilisation ont été mis en place depuis le lancement du projet en novembre 2014, tandis que la phase 1 avait déjà permis d&rsquo;<strong>améliorer les conditions de vie des populations par les retombées financières générées par la mangrove,</strong> où la présence de huîtres, crevettes et autres espèces de poissons vivants dans cet écosystème participe à la relance de l&rsquo;activité de la pêche.</p>
<hr />
<p style="text-align: justify;"><strong>Je veux en savoir plus :</strong></p>
<p style="text-align: justify;"><a href="http://www.lepartenariat.org" target="_blank" rel="noopener">Le site du Partenariat</a></p>

<p>LE PARTENARIAT &#8211; LAURÉAT 2013 En 2013, le Partenariat a obtenu une aide financière de 2 000 € pour son projet de sauvegarde et de mise en valeur de la [&hellip;]</p>
