 {"id":617,"date":"2016-09-27T11:07:51","date_gmt":"2016-09-27T10:07:51","guid":{"rendered":"http:\/\/www.fondationdelille.org\/climat\/?page_id=617"},"modified":"2021-02-23T12:21:13","modified_gmt":"2021-02-23T11:21:13","slug":"jardin-du-cygne","status":"publish","type":"page","link":"https:\/\/www.fondationdelille.org\/climat\/laureats\/local\/jardin-du-cygne\/","title":{"rendered":"Pour la replantation des wateringues de Warhem (Flandre Int\u00e9rieure)"},"content":{"rendered":"<hr \/>\n<p style=\"text-align: center;\"><strong>LES JARDINS DU CYGNE &#8211; LAUR\u00c9AT 2015<\/strong><\/p>\n<hr \/>\n<p style=\"text-align: justify;\">En 2015, l&rsquo;association <strong>Les Jardins du Cygne<\/strong> a obtenu une aide financi\u00e8re de <strong>2 500 \u20ac<\/strong> pour son projet \u00ab\u00a0<strong>Ensemble, reboisons les Wateringues<\/strong>\u00a0\u00bb qui vise \u00e0 reboiser le territoire des Flandres et g\u00e9rer plus \u00e9cologiquement\u00a0les wateringues au travers de chantiers participatifs.<\/p>\n<p style=\"text-align: justify;\"><strong>L&rsquo;association Les Jardins du Cygne a travaill\u00e9 avec l&rsquo;ensemble des acteurs<\/strong> : les agriculteurs, la Chambre d&rsquo;Agriculture, les syndicats agricoles, les f\u00e9d\u00e9rations de chasseurs pour trouver des solutions \u00e0 la disparition des haies en Flandre Ant\u00e9rieure. <strong>La probl\u00e9matique touche tous les acteurs du territoire<\/strong> (perte du petit gibier, probl\u00e8me d&rsquo;irrigation des sols, prise au vent\u2026) mais les agriculteurs concern\u00e9s n&rsquo;avaient ni l&rsquo;\u00e9nergie, ni le temps, ni les moyens de faire face au d\u00e9membrement des haies.<\/p>\n<figure id=\"attachment_641\" aria-describedby=\"caption-attachment-641\" style=\"width: 500px\" class=\"wp-caption aligncenter\"><img decoding=\"async\" loading=\"lazy\" class=\"wp-image-641\" src=\"http:\/\/www.fondationdelille.org\/climat\/wp-content\/uploads\/2016\/09\/Reboisement-Medium.jpg\" alt=\"OLYMPUS DIGITAL CAMERA\" width=\"500\" height=\"375\" srcset=\"https:\/\/www.fondationdelille.org\/climat\/wp-content\/uploads\/2016\/09\/Reboisement-Medium.jpg 1024w, https:\/\/www.fondationdelille.org\/climat\/wp-content\/uploads\/2016\/09\/Reboisement-Medium-300x225.jpg 300w, https:\/\/www.fondationdelille.org\/climat\/wp-content\/uploads\/2016\/09\/Reboisement-Medium-500x375.jpg 500w, https:\/\/www.fondationdelille.org\/climat\/wp-content\/uploads\/2016\/09\/Reboisement-Medium-400x300.jpg 400w\" sizes=\"(max-width: 500px) 100vw, 500px\" \/><figcaption id=\"caption-attachment-641\" class=\"wp-caption-text\">Reboisement des Wateringues par les Jardins du Cygne (c)<\/figcaption><\/figure>\n<address style=\"text-align: center;\">\n<hr \/>\n<\/address>\n<address style=\"text-align: center;\"><strong>ET CONCR\u00c8TEMENT ?<\/strong><\/address>\n<address style=\"text-align: center;\">\n<hr \/>\n<\/address>\n<p>La dotation a permis d&rsquo;acheter les arbustes et le paillage n\u00e9cessaire \u00e0 la r\u00e9alisation d&rsquo;un chantier participatif organis\u00e9 dans le cadre de la F\u00eate de l&rsquo;Arbre 2015.<\/p>\n<p>Le projet a permis de <strong>renaturer la trame verte et bleue <\/strong>tout en faisant travailler ensemble les diff\u00e9rents acteurs du territoire autour d\u2019int\u00e9r\u00eat commun (chasseurs, agriculteurs, habitants\u2026).<\/p>\n<p>\u00c0 long terme, la plantation de haies sur les berges <strong>permettra la r\u00e9introduction de la petite faune locale<\/strong>, le stockage de l\u2019eau, la protection des champs du vent et le maintien des berges pour lutter contre l\u2019\u00e9rosion des sols.<\/p>\n<address style=\"text-align: justify;\">\n<hr \/>\n<\/address>\n<address style=\"text-align: justify;\"><strong>Plus de renseignements : <\/strong><\/address>\n<address style=\"text-align: justify;\"><a href=\"http:\/\/www.lesjardinsducygne.com\/\" target=\"_blank\" rel=\"noopener\">Le site des Jardins du Cygne<\/a><\/address>\n","protected":false},"excerpt":{"rendered":"<p>LES JARDINS DU CYGNE &#8211; LAUR\u00c9AT 2015 En 2015, l&rsquo;association Les Jardins du Cygne a obtenu une aide financi\u00e8re de 2 500 \u20ac pour son projet \u00ab\u00a0Ensemble, reboisons les Wateringues\u00a0\u00bb [&hellip;]<\/p>\n","protected":false},"author":2,"featured_media":0,"parent":193,"menu_order":0,"comment_status":"closed","ping_status":"closed","template":"","meta":{"_mi_skip_tracking":false},"acf":[],"_links":{"self":[{"href":"https:\/\/www.fondationdelille.org\/climat\/wp-json\/wp\/v2\/pages\/617"}],"collection":[{"href":"https:\/\/www.fondationdelille.org\/climat\/wp-json\/wp\/v2\/pages"}],"about":[{"href":"https:\/\/www.fondationdelille.org\/climat\/wp-json\/wp\/v2\/types\/page"}],"author":[{"embeddable":true,"href":"https:\/\/www.fondationdelille.org\/climat\/wp-json\/wp\/v2\/users\/2"}],"replies":[{"embeddable":true,"href":"https:\/\/www.fondationdelille.org\/climat\/wp-json\/wp\/v2\/comments?post=617"}],"version-history":[{"count":11,"href":"https:\/\/www.fondationdelille.org\/climat\/wp-json\/wp\/v2\/pages\/617\/revisions"}],"predecessor-version":[{"id":812,"href":"https:\/\/www.fondationdelille.org\/climat\/wp-json\/wp\/v2\/pages\/617\/revisions\/812"}],"up":[{"embeddable":true,"href":"https:\/\/www.fondationdelille.org\/climat\/wp-json\/wp\/v2\/pages\/193"}],"wp:attachment":[{"href":"https:\/\/www.fondationdelille.org\/climat\/wp-json\/wp\/v2\/media?parent=617"}],"curies":[{"name":"wp","href":"https:\/\/api.w.org\/{rel}","templated":true}]}}

Pour la replantation des wateringues de Warhem (Flandre Intérieure)

<hr />
<p style="text-align: center;"><strong>LES JARDINS DU CYGNE &#8211; LAURÉAT 2015</strong></p>
<hr />
<p style="text-align: justify;">En 2015, l&rsquo;association <strong>Les Jardins du Cygne</strong> a obtenu une aide financière de <strong>2 500 €</strong> pour son projet « <strong>Ensemble, reboisons les Wateringues</strong> » qui vise à reboiser le territoire des Flandres et gérer plus écologiquement les wateringues au travers de chantiers participatifs.</p>
<p style="text-align: justify;"><strong>L&rsquo;association Les Jardins du Cygne a travaillé avec l&rsquo;ensemble des acteurs</strong> : les agriculteurs, la Chambre d&rsquo;Agriculture, les syndicats agricoles, les fédérations de chasseurs pour trouver des solutions à la disparition des haies en Flandre Antérieure. <strong>La problématique touche tous les acteurs du territoire</strong> (perte du petit gibier, problème d&rsquo;irrigation des sols, prise au vent…) mais les agriculteurs concernés n&rsquo;avaient ni l&rsquo;énergie, ni le temps, ni les moyens de faire face au démembrement des haies.</p>
<figure id="attachment_641" aria-describedby="caption-attachment-641" style="width: 500px" class="wp-caption aligncenter"><img decoding="async" loading="lazy" class="wp-image-641" src="http://www.fondationdelille.org/climat/wp-content/uploads/2016/09/Reboisement-Medium.jpg" alt="OLYMPUS DIGITAL CAMERA" width="500" height="375" srcset="https://www.fondationdelille.org/climat/wp-content/uploads/2016/09/Reboisement-Medium.jpg 1024w, https://www.fondationdelille.org/climat/wp-content/uploads/2016/09/Reboisement-Medium-300x225.jpg 300w, https://www.fondationdelille.org/climat/wp-content/uploads/2016/09/Reboisement-Medium-500x375.jpg 500w, https://www.fondationdelille.org/climat/wp-content/uploads/2016/09/Reboisement-Medium-400x300.jpg 400w" sizes="(max-width: 500px) 100vw, 500px" /><figcaption id="caption-attachment-641" class="wp-caption-text">Reboisement des Wateringues par les Jardins du Cygne (c)</figcaption></figure>
<address style="text-align: center;">
<hr />
</address>
<address style="text-align: center;"><strong>ET CONCRÈTEMENT ?</strong></address>
<address style="text-align: center;">
<hr />
</address>
<p>La dotation a permis d&rsquo;acheter les arbustes et le paillage nécessaire à la réalisation d&rsquo;un chantier participatif organisé dans le cadre de la Fête de l&rsquo;Arbre 2015.</p>
<p>Le projet a permis de <strong>renaturer la trame verte et bleue </strong>tout en faisant travailler ensemble les différents acteurs du territoire autour d’intérêt commun (chasseurs, agriculteurs, habitants…).</p>
<p>À long terme, la plantation de haies sur les berges <strong>permettra la réintroduction de la petite faune locale</strong>, le stockage de l’eau, la protection des champs du vent et le maintien des berges pour lutter contre l’érosion des sols.</p>
<address style="text-align: justify;">
<hr />
</address>
<address style="text-align: justify;"><strong>Plus de renseignements : </strong></address>
<address style="text-align: justify;"><a href="http://www.lesjardinsducygne.com/" target="_blank" rel="noopener">Le site des Jardins du Cygne</a></address>

<p>LES JARDINS DU CYGNE &#8211; LAURÉAT 2015 En 2015, l&rsquo;association Les Jardins du Cygne a obtenu une aide financière de 2 500 € pour son projet « Ensemble, reboisons les Wateringues » [&hellip;]</p>
