 {"id":756,"date":"2018-09-25T13:06:05","date_gmt":"2018-09-25T12:06:05","guid":{"rendered":"http:\/\/www.fondationdelille.org\/climat\/?page_id=756"},"modified":"2021-02-23T12:24:18","modified_gmt":"2021-02-23T11:24:18","slug":"universite-lille","status":"publish","type":"page","link":"https:\/\/www.fondationdelille.org\/climat\/laureats\/local\/universite-lille\/","title":{"rendered":"L&rsquo;Universit\u00e9 de Lille"},"content":{"rendered":"<hr \/>\n<p style=\"text-align: center;\"><strong>L&rsquo;UNIVERSIT\u00c9 DE LILLE &#8211; LAUR\u00c9AT 2018<\/strong><\/p>\n<hr \/>\n<p style=\"text-align: justify;\">En 2018,<strong> l\u2019Universit\u00e9 de Lille a\u00a0<\/strong>obtenu une <strong>aide\u00a0financi\u00e8re de\u00a01 000 \u20ac<\/strong> pour son projet <strong>\u00ab\u00a0Campus Comestible\u00a0\u00bb<\/strong>, qui vise \u00e0 d\u00e9velopper des espaces de production potag\u00e8re et fruiti\u00e8re sur les diff\u00e9rents campus.<br \/>\nLa dotation a permis \u00e0 l\u2019Universit\u00e9 de <strong>cr\u00e9er un verger universitaire sur le campus <\/strong>de\u00a0Villeneuve\u00a0d\u2019Ascq.<\/p>\n<address>\u00a0<img decoding=\"async\" loading=\"lazy\" class=\"aligncenter wp-image-788 size-full\" title=\"Photo by Pelle Martin on Unsplash\" src=\"http:\/\/www.fondationdelille.org\/climat\/wp-content\/uploads\/2018\/09\/Pommier-Photo-by-Pelle-Martin-on-Unsplash.jpg\" alt=\"Photo by Pelle Martin on Unsplash\" width=\"1994\" height=\"1322\" srcset=\"https:\/\/www.fondationdelille.org\/climat\/wp-content\/uploads\/2018\/09\/Pommier-Photo-by-Pelle-Martin-on-Unsplash.jpg 1994w, https:\/\/www.fondationdelille.org\/climat\/wp-content\/uploads\/2018\/09\/Pommier-Photo-by-Pelle-Martin-on-Unsplash-300x199.jpg 300w, https:\/\/www.fondationdelille.org\/climat\/wp-content\/uploads\/2018\/09\/Pommier-Photo-by-Pelle-Martin-on-Unsplash-768x509.jpg 768w, https:\/\/www.fondationdelille.org\/climat\/wp-content\/uploads\/2018\/09\/Pommier-Photo-by-Pelle-Martin-on-Unsplash-1024x679.jpg 1024w\" sizes=\"(max-width: 1994px) 100vw, 1994px\" \/><\/address>\n<hr \/>\n<p style=\"text-align: center;\"><strong>ET CONCR\u00c8TEMENT ?<\/strong><\/p>\n<hr \/>\n<p style=\"text-align: justify;\">Le verger, install\u00e9 sur une parcelle de 3 000 m\u00b2, est compos\u00e9 d&rsquo;esp\u00e8ces fruiti\u00e8res locales (pommiers, poiriers, groseilliers, cassissiers\u2026). <strong>G\u00e9r\u00e9 selon les principes de l&rsquo;agro\u00e9cologie<\/strong>, il est ouvert \u00e0 tous et participe \u00e0 l<strong>\u2019am\u00e9lioration du cadre de vie de l\u2019universit\u00e9<\/strong>. Le verger permet \u00e9galement d\u2019<strong>enrichir la biodiversit\u00e9 du site, <\/strong>de constituer une r\u00e9serve p\u00e9dagogique pour les \u00e9tudiants en Sciences Naturelles et d&rsquo;\u00eatre un lieu d&rsquo;\u00e9changes et de recherche pour l&rsquo;ensemble des \u00e9tudiants.<\/p>\n<hr \/>\n<p><strong>Je veux en savoir plus :<\/strong><\/p>\n<p><a href=\"https:\/\/www.univ-lille.fr\/universite\/campus-durables\/\">Le site de\u00a0l&rsquo;Universit\u00e9 de Lille<\/a><\/p>\n<p>&nbsp;<\/p>\n","protected":false},"excerpt":{"rendered":"<p>L&rsquo;UNIVERSIT\u00c9 DE LILLE &#8211; LAUR\u00c9AT 2018 En 2018, l\u2019Universit\u00e9 de Lille a\u00a0obtenu une aide\u00a0financi\u00e8re de\u00a01 000 \u20ac pour son projet \u00ab\u00a0Campus Comestible\u00a0\u00bb, qui vise \u00e0 d\u00e9velopper des espaces de production [&hellip;]<\/p>\n","protected":false},"author":2,"featured_media":0,"parent":193,"menu_order":0,"comment_status":"closed","ping_status":"closed","template":"","meta":{"_mi_skip_tracking":false},"acf":[],"_links":{"self":[{"href":"https:\/\/www.fondationdelille.org\/climat\/wp-json\/wp\/v2\/pages\/756"}],"collection":[{"href":"https:\/\/www.fondationdelille.org\/climat\/wp-json\/wp\/v2\/pages"}],"about":[{"href":"https:\/\/www.fondationdelille.org\/climat\/wp-json\/wp\/v2\/types\/page"}],"author":[{"embeddable":true,"href":"https:\/\/www.fondationdelille.org\/climat\/wp-json\/wp\/v2\/users\/2"}],"replies":[{"embeddable":true,"href":"https:\/\/www.fondationdelille.org\/climat\/wp-json\/wp\/v2\/comments?post=756"}],"version-history":[{"count":6,"href":"https:\/\/www.fondationdelille.org\/climat\/wp-json\/wp\/v2\/pages\/756\/revisions"}],"predecessor-version":[{"id":814,"href":"https:\/\/www.fondationdelille.org\/climat\/wp-json\/wp\/v2\/pages\/756\/revisions\/814"}],"up":[{"embeddable":true,"href":"https:\/\/www.fondationdelille.org\/climat\/wp-json\/wp\/v2\/pages\/193"}],"wp:attachment":[{"href":"https:\/\/www.fondationdelille.org\/climat\/wp-json\/wp\/v2\/media?parent=756"}],"curies":[{"name":"wp","href":"https:\/\/api.w.org\/{rel}","templated":true}]}}