 {"id":758,"date":"2018-09-25T13:09:35","date_gmt":"2018-09-25T12:09:35","guid":{"rendered":"http:\/\/www.fondationdelille.org\/climat\/?page_id=758"},"modified":"2021-02-23T12:26:57","modified_gmt":"2021-02-23T11:26:57","slug":"jardins-du-grand-cerf","status":"publish","type":"page","link":"https:\/\/www.fondationdelille.org\/climat\/laureats\/local\/jardins-du-grand-cerf\/","title":{"rendered":"Pour le d\u00e9veloppement de jardins participatifs et ouverts sur la commune de Ronchin"},"content":{"rendered":"<hr \/>\n<p style=\"text-align: center;\"><strong>LES JARDINS PARTAG\u00c9S DU GRAND CERF &#8211; LAUR\u00c9AT 2018<\/strong><\/p>\n<hr \/>\n<p style=\"text-align: justify;\">En 2018, l&rsquo;association\u00a0<strong>Les Jardins Partag\u00e9s du Grand Cerf<\/strong>\u00a0a obtenu une aide financi\u00e8re de 1 000 \u20ac pour son projet <strong>\u00ab\u00a0Transformons Ronchin en ville comestible\u00a0\u00bb.<\/strong><\/p>\n<p style=\"text-align: justify;\">La commune de Ronchin compte plus de 18 000 habitants, et fait partie des communes de la petite couronne lilloise. Le projet vise \u00e0 <strong>cr\u00e9er un ensemble de jardins participatifs et ouverts dans les quartiers du Champ du Cerf et de la Comtesse de S\u00e9gur \u00e0 Ronchin,<\/strong> pour permettre aux habitants de cultiver et de monter en autosuffisance alimentaire.<\/p>\n<p style=\"text-align: center;\"><iframe loading=\"lazy\" src=\"https:\/\/www.youtube.com\/embed\/jdMWkyDGGmc\" width=\"560\" height=\"315\" frameborder=\"0\" allowfullscreen=\"allowfullscreen\"><\/iframe><\/p>\n<address style=\"text-align: center;\">\n<hr \/>\n<\/address>\n<address style=\"text-align: center;\"><strong>ET CONCR\u00c8TEMENT ?<\/strong><\/address>\n<address style=\"text-align: center;\">\n<hr \/>\n<\/address>\n<address style=\"text-align: justify;\">Tout en valorisant un lieu de promenade et de lien social dans la ville,<strong> l\u2019association <\/strong>forme les habitants des quartiers du Champ du Cerf et de la Comtesse de S\u00e9gur <strong>\u00e0 la permaculture<\/strong>, pour permettre ensuite la r\u00e9colte de fruits et l\u00e9gumes sains et bios. \u00c0 terme, c\u2019est<strong> 2,5 Ha de terrains qui pourraient \u00eatre am\u00e9nag\u00e9s<\/strong> gr\u00e2ce \u00e0 l\u2019association et aux diff\u00e9rents partenaires mobilis\u00e9s, dont la Ville de Ronchin, pour am\u00e9liorer la biodiversit\u00e9 en milieu urbain.<\/address>\n<address style=\"text-align: justify;\">Les diff\u00e9rents ateliers ont permis <strong>d&rsquo;associer les habitants \u00e0 l&rsquo;am\u00e9nagement du quartier<\/strong>\u00a0et ainsi assurer une meilleure appropriation des jardins par les usagers. En participant \u00e0 l&rsquo;am\u00e9lioration du cadre de vie, l&rsquo;association permet \u00e9galement de dynamiser les liens sociaux dans des quartiers \u00e0 habitats denses.<\/address>\n<address style=\"text-align: justify;\">\n<hr \/>\n<p><strong>Plus de renseignements : <\/strong><\/p>\n<\/address>\n<address style=\"text-align: justify;\"><a href=\"https:\/\/lesjardinspartagesdugrandcerf.wordpress.com\" target=\"_blank\" rel=\"noopener\">Le site des Jardins Partag\u00e9s du Grand Cerf<\/a><\/address>\n","protected":false},"excerpt":{"rendered":"<p>LES JARDINS PARTAG\u00c9S DU GRAND CERF &#8211; LAUR\u00c9AT 2018 En 2018, l&rsquo;association\u00a0Les Jardins Partag\u00e9s du Grand Cerf\u00a0a obtenu une aide financi\u00e8re de 1 000 \u20ac pour son projet \u00ab\u00a0Transformons Ronchin [&hellip;]<\/p>\n","protected":false},"author":2,"featured_media":0,"parent":193,"menu_order":0,"comment_status":"closed","ping_status":"closed","template":"","meta":{"_mi_skip_tracking":false},"acf":[],"_links":{"self":[{"href":"https:\/\/www.fondationdelille.org\/climat\/wp-json\/wp\/v2\/pages\/758"}],"collection":[{"href":"https:\/\/www.fondationdelille.org\/climat\/wp-json\/wp\/v2\/pages"}],"about":[{"href":"https:\/\/www.fondationdelille.org\/climat\/wp-json\/wp\/v2\/types\/page"}],"author":[{"embeddable":true,"href":"https:\/\/www.fondationdelille.org\/climat\/wp-json\/wp\/v2\/users\/2"}],"replies":[{"embeddable":true,"href":"https:\/\/www.fondationdelille.org\/climat\/wp-json\/wp\/v2\/comments?post=758"}],"version-history":[{"count":9,"href":"https:\/\/www.fondationdelille.org\/climat\/wp-json\/wp\/v2\/pages\/758\/revisions"}],"predecessor-version":[{"id":817,"href":"https:\/\/www.fondationdelille.org\/climat\/wp-json\/wp\/v2\/pages\/758\/revisions\/817"}],"up":[{"embeddable":true,"href":"https:\/\/www.fondationdelille.org\/climat\/wp-json\/wp\/v2\/pages\/193"}],"wp:attachment":[{"href":"https:\/\/www.fondationdelille.org\/climat\/wp-json\/wp\/v2\/media?parent=758"}],"curies":[{"name":"wp","href":"https:\/\/api.w.org\/{rel}","templated":true}]}}

Pour le développement de jardins participatifs et ouverts sur la commune de Ronchin

<hr />
<p style="text-align: center;"><strong>LES JARDINS PARTAGÉS DU GRAND CERF &#8211; LAURÉAT 2018</strong></p>
<hr />
<p style="text-align: justify;">En 2018, l&rsquo;association <strong>Les Jardins Partagés du Grand Cerf</strong> a obtenu une aide financière de 1 000 € pour son projet <strong>« Transformons Ronchin en ville comestible ».</strong></p>
<p style="text-align: justify;">La commune de Ronchin compte plus de 18 000 habitants, et fait partie des communes de la petite couronne lilloise. Le projet vise à <strong>créer un ensemble de jardins participatifs et ouverts dans les quartiers du Champ du Cerf et de la Comtesse de Ségur à Ronchin,</strong> pour permettre aux habitants de cultiver et de monter en autosuffisance alimentaire.</p>
<p style="text-align: center;"><iframe loading="lazy" src="https://www.youtube.com/embed/jdMWkyDGGmc" width="560" height="315" frameborder="0" allowfullscreen="allowfullscreen"></iframe></p>
<address style="text-align: center;">
<hr />
</address>
<address style="text-align: center;"><strong>ET CONCRÈTEMENT ?</strong></address>
<address style="text-align: center;">
<hr />
</address>
<address style="text-align: justify;">Tout en valorisant un lieu de promenade et de lien social dans la ville,<strong> l’association </strong>forme les habitants des quartiers du Champ du Cerf et de la Comtesse de Ségur <strong>à la permaculture</strong>, pour permettre ensuite la récolte de fruits et légumes sains et bios. À terme, c’est<strong> 2,5 Ha de terrains qui pourraient être aménagés</strong> grâce à l’association et aux différents partenaires mobilisés, dont la Ville de Ronchin, pour améliorer la biodiversité en milieu urbain.</address>
<address style="text-align: justify;">Les différents ateliers ont permis <strong>d&rsquo;associer les habitants à l&rsquo;aménagement du quartier</strong> et ainsi assurer une meilleure appropriation des jardins par les usagers. En participant à l&rsquo;amélioration du cadre de vie, l&rsquo;association permet également de dynamiser les liens sociaux dans des quartiers à habitats denses.</address>
<address style="text-align: justify;">
<hr />
<p><strong>Plus de renseignements : </strong></p>
</address>
<address style="text-align: justify;"><a href="https://lesjardinspartagesdugrandcerf.wordpress.com" target="_blank" rel="noopener">Le site des Jardins Partagés du Grand Cerf</a></address>

<p>LES JARDINS PARTAGÉS DU GRAND CERF &#8211; LAURÉAT 2018 En 2018, l&rsquo;association Les Jardins Partagés du Grand Cerf a obtenu une aide financière de 1 000 € pour son projet « Transformons Ronchin [&hellip;]</p>
